ded by w.
11
Let o(a) = -a**3 - 5*a**2 + 3*a. Let g = -5 + 10. Suppose 3*l - 5 = 2*s - 4*s, 0 = -s - 4*l - g. Calculate the remainder when o(-6) is divided by s.
4
Suppose 0 = -0*s + 4*s + 20, 4*w - 2*s - 98 = 0. Suppose 4*p = -453 - 1611. What is the remainder when w is divided by 4/(-14) + p/(-42)?
10
Let t(d) = -d**3 - 13*d**2 - 15*d - 12. Calculate the remainder when 45 is divided by t(-12).
21
Let b(a) = a + 11 - a**3 + a**2 - 2*a - 2. Let c be b(0). Suppose -c*n + 240 = -4*n. Calculate the remainder when n is divided by 17.
14
Let y = 7 - 4. Suppose g + y*g + 2*o = 0, -4*g + 4*o = -24. Suppose 12 = z + 2*i, -g*z + i + 19 = -15. What is the remainder when 46 is divided by z?
14
Let w = 4 + -7. Let z be 1 - w/(-2 - -5). Suppose 0 = z*j - 3*u - 55, 6*j + 3*u - 169 = j. What is the remainder when j is divided by 11?
10
Let n be 45/(-6)*24/(-9). Suppose 2*u + 3*u = -n. Calculate the remainder when (12/10)/(u/(-10)) is divided by 2.
1
Let v = 56 - 45. What is the remainder when v is divided by (-6)/(-7)*28/4?
5
Suppose 4*m - s + 261 = 0, 3*m = 3*s + s - 186. Suppose -26 = t + 4*r, 2*r + 84 = -3*t - 44. Let h = t - m. Calculate the remainder when h is divided by 7.
6
Let j(v) = -3*v**3 - v**2 - 13*v - 8. Let q(n) = -5*n**3 - 3*n**2 - 25*n - 16. Let p(u) = -7*j(u) + 4*q(u). What is the remainder when 106 is divided by p(7)?
25
Suppose 3 = -3*b + 30. Suppose -26 + 6 = -4*h. Calculate the remainder when b is divided by h.
4
Suppose -30 = -b - q, 0 = -4*b - 3*q + 74 + 43. What is the remainder when b is divided by 10?
7
Suppose -4*q - 2*p + 1060 = -3*p, 0 = -5*p. What is the remainder when q is divided by 67?
64
Suppose -38 = -5*l - 3. Let i = 156 + -138. Calculate the remainder when i is divided by l.
4
Suppose -40 = -5*h - 0*h. Suppose -4*v = -2*k + h, 7*k = v + 2*k + 20. Suppose 3*j + j - 28 = v. What is the remainder when 12 is divided by j?
5
Suppose -12 = -2*k + 4*z, -6*k + k + 4*z = -18. Suppose k*h - 86 = -3*t, 5*h + 68 = 2*t + h. Calculate the remainder when t is divided by 8.
6
Suppose -4*q = f - 20, 0*f - 4*f + q = -29. Suppose -v - f = -3*v. What is the remainder when 10 is divided by v?
2
Let t = 308 - 172. What is the remainder when t is divided by 46?
44
Let c(r) = r**3 - 2*r**2 + 3*r - 3. Let l be c(2). Suppose -2*y = 3*v - 6*v + 38, -v - l*y = 2. What is the remainder when v is divided by 4?
2
Suppose 2*a - 11 = 3*m - 2*a, 4*m - 2 = 2*a. Calculate the remainder when (-2 + -6)/(-1) + 0 is divided by m.
2
Let f be 1 + -3 + (4 - 7). Let n = -14 + 38. Calculate the remainder when f/(-2*(-2)/(-56)) is divided by n.
22
Suppose 2*k + 202 = -5*i, 3*i = -k - 160 + 39. Let o = i - -61. Calculate the remainder when 40 is divided by o.
19
Let g = 2 + -2. Suppose -3 = -i - g. Calculate the remainder when 7 is divided by i.
1
Let z = 1 + 12. Let j = -3 + z. Suppose 28*x - 70*x + 168 = 0. What is the remainder when j is divided by x?
2
Suppose 148 = 2*z + 2*z. Suppose 4*d = -3*l + 33, -5 + 47 = 5*d + 4*l. Let u = 7 + d. What is the remainder when z is divided by u?
11
What is the remainder when 23 is divided by (16/(-2))/((-6)/12)?
7
Suppose -d + 3 = w, -2*d = 3*w - 4*w + 6. Calculate the remainder when 13 is divided by w.
1
Suppose -3*b - 64 = -7*b + 2*d, 0 = -2*b - 2*d + 26. Suppose k = 4*k - b. Let w = 8 + -6. Calculate the remainder when k is divided by w.
1
Let s = 4 - -1. Calculate the remainder when 19 is divided by s.
4
Suppose q = -1, 0*q = -3*j - 2*q + 25. Calculate the remainder when 24 is divided by j.
6
Calculate the remainder when 29/((-1)/(-4 - -3)) is divided by 11.
7
What is the remainder when 54 is divided by (13 + 1 - 0)*(-2)/(-2)?
12
Let k(g) be the third derivative of g**6/120 - g**5/12 + 5*g**4/24 + g**3/3 + 2*g**2. What is the remainder when k(5) is divided by 15?
12
Let m(u) = -2*u + 28. Calculate the remainder when 59 is divided by m(9).
9
Let g = 7 + -4. Let f(k) = 5*k + 5*k - 4*k + 2 - 5*k. What is the remainder when g is divided by f(0)?
1
Let w = 5 + -3. Suppose 0 = w*v + 4, -2*j + 2 = 3*v + 2*v. Suppose 31 = 3*t + 4*a, 5*a - 13 + 55 = t. What is the remainder when t is divided by j?
5
Let h = 86 - 23. Calculate the remainder when h is divided by 17.
12
Let y = 7 + 3. Suppose 0 = -2*p + 7*p - 20. Suppose -p*i = -2*q + 16 - 0, -2*i = 4*q - 12. Calculate the remainder when y is divided by q.
2
Suppose -5*a = 21 - 101. Calculate the remainder when 29 is divided by a.
13
Suppose 0 = 2*t - 6*t + l + 27, -4*l - 31 = -5*t. Let u = 4 + -1. Calculate the remainder when t is divided by u.
1
Let b = -30 + 52. Calculate the remainder when b is divided by 6.
4
Let n(l) = -2*l. Let k be n(-2). Let v(b) = b**2 - 4*b + 3. Calculate the remainder when 8 is divided by v(k).
2
Let a(s) = s + 6. Suppose 35 = 3*i - 8*i. Let m be a(i). What is the remainder when 10 is divided by m + 1/((-3)/(-21))?
4
Let n = 2 + 16. Calculate the remainder when 1 + 33 + -1 + 1 is divided by n.
16
Let t(g) = -3*g - 16. Calculate the remainder when 67 is divided by t(-10).
11
Let y = 19 - 17. Suppose -3*b + 2*b - y*d + 34 = 0, 0 = 4*b - 2*d - 126. What is the remainder when b is divided by 11?
10
Suppose p - 2*p + 3*c = -2, 3*c + 6 = 3*p. Let l = p - -2. Let k = -2 + l. Calculate the remainder when k is divided by 2.
0
Suppose -3*h - 3*t = 8 - 20, -4 = -h + 2*t. Suppose 2*q + 20 = h*q. What is the remainder when 17 is divided by q?
7
Let v = 107 - 61. Calculate the remainder when v is divided by 24.
22
Suppose -241 - 39 = -4*m. Let a be (0 - -1)*(m - 1). Suppose -a = -3*u - 12. What is the remainder when u is divided by 11?
8
Let l(y) = y + 25. Calculate the remainder when 83 is divided by l(4).
25
Let u(w) = w**2 + 5*w - 5. Let n(a) = a**2 + 4*a - 5. Let d(g) = -6*n(g) + 5*u(g). Calculate the remainder when 8 is divided by d(0).
3
Let t(q) = q**2 + 4*q. Let j be t(-4). Suppose 100 = 2*i - j*i. Suppose -2*f - 5*o + i = 3*f, 6 = 2*f - 5*o. Calculate the remainder when 13 is divided by f.
5
Let r be -2 - (0 - -2) - -1. Let u = r + 3. Suppose 0 = -3*l - 5*s + 54, 5*s - 2*s = u. Calculate the remainder when 34 is divided by l.
16
Let u(h) = -h**3 - 3*h**2 - 2*h + 2. Let d be u(-3). Let z = 1 + d. What is the remainder when 16 is divided by z?
7
Suppose -2*c - 3*c + 125 = 4*d, 55 = 3*d - 4*c. What is the remainder when 72 is divided by d?
22
Suppose -21 = -2*h + 7. What is the remainder when h is divided by 8?
6
Let k(f) = -24*f + 5. Let c(l) = -12*l + 2. Let r(w) = 7*c(w) - 3*k(w). Calculate the remainder when r(-2) is divided by 8.
7
Let a = -6 - -10. Suppose -14 - 6 = -a*s. Calculate the remainder when 12 is divided by s.
2
Let l(t) = t - 1. Let f be l(4). Suppose 36 = 4*y - 2*j, -2*j + 45 = f*y + j. What is the remainder when 42 is divided by y?
9
Let p = 6 - 3. Let y(o) = 3*o**2 + 4*o + 3. Let i be y(-2). Suppose -2 + i = l. What is the remainder when l is divided by p?
2
Let d(x) = x**3 - 2*x - 5. Calculate the remainder when 61 is divided by d(3).
13
Suppose -2*x = p + 4*p - 258, 5*p - 3*x = 263. Suppose 0 = -i + p - 2. Calculate the remainder when i is divided by 13.
11
Suppose 1055 + 517 = 4*d. Suppose 89 = -c - 5*b, -d = 2*c + 3*c - b. Let x = c + 120. Calculate the remainder when x is divided by 11.
8
Let m(c) = 3*c - 2. Let j be m(4). Suppose 0*f - 2*f + j = 0. Calculate the remainder when 19 is divided by f.
4
Let i = 15 - 6. Let l(d) = d - 6. Let m be l(i). Suppose -1 = m*y - 4. What is the remainder when 2 is divided by y?
0
Let n(t) = t**3 + 25*t**2 - 26*t + 9. Suppose -3*c = -2*c - 26. What is the remainder when c is divided by n(-26)?
8
Let q be 0/(-2*(0 - -1)). Suppose -5*f - 21 = 2*u - 113, q = f + 4. Calculate the remainder when u is divided by 19.
18
Let w(b) = 4*b**2 + b. Suppose 0 = x + 5*y - 22, 2*x - 6*x - 2*y + 16 = 0. Let o be 0 - (x + 1 + -4). Calculate the remainder when w(o) is divided by 2.
1
Let s = 87 - 61. Suppose 0 = j + 3*i - s, 4*j = -j - 3*i + 166. What is the remainder when j is divided by 9?
8
Calculate the remainder when (10/25)/((-1)/(0 + -10)) is divided by 3.
1
Let r = 13 - 10. Calculate the remainder when 7 is divided by r.
1
Let w = -17 + 40. Suppose -4*r + w = -5. Let p = -12 + 24. What is the remainder when p is divided by r?
5
Let f = -33 + 46. What is the remainder when f is divided by 4?
1
Suppose 0 = 2*u +